3.
10
Calculate the remainder when 108 is divided by 16.
12
What is the remainder when 156 is divided by 25?
6
Calculate the remainder when 395 is divided by 97.
7
What is the remainder when 297 is divided by 20?
17
Calculate the remainder when 7 is divided by 4.
3
What is the remainder when 164 is divided by 87?
77
What is the remainder when 108 is divided by 5?
3
What is the remainder when 4773 is divided by 25?
23
What is the remainder when 4193 is divided by 70?
63
Calculate the remainder when 554 is divided by 20.
14
What is the remainder when 466 is divided by 9?
7
What is the remainder when 34885 is divided by 87?
85
What is the remainder when 86 is divided by 7?
2
What is the remainder when 837 is divided by 166?
7
What is the remainder when 564 is divided by 3?
0
What is the remainder when 1726 is divided by 22?
10
What is the remainder when 64 is divided by 15?
4
Calculate the remainder when 30 is divided by 13.
4
Calculate the remainder when 293 is divided by 98.
97
What is the remainder when 226 is divided by 23?
19
Calculate the remainder when 188 is divided by 48.
44
What is the remainder when 670 is divided by 43?
25
What is the remainder when 4132 is divided by 25?
7
Calculate the remainder when 512 is divided by 27.
26
Calculate the remainder when 479 is divided by 20.
19
Calculate the remainder when 561 is divided by 549.
12
Calculate the remainder when 137 is divided by 60.
17
What is the remainder when 1406 is divided by 8?
6
Calculate the remainder when 851 is divided by 838.
13
What is the remainder when 37 is divided by 10?
7
What is the remainder when 1246 is divided by 592?
62
Calculate the remainder when 711 is divided by 30.
21
What is the remainder when 517 is divided by 253?
11
What is the remainder when 26498 is divided by 11?
10
What is the remainder when 419 is divided by 21?
20
Calculate the remainder when 5607 is divided by 312.
303
What is the remainder when 58 is divided by 6?
4
Calculate the remainder when 48 is divided by 43.
5
Calculate the remainder when 895 is divided by 100.
95
What is the remainder when 3450 is divided by 248?
226
Calculate the remainder when 433 is divided by 11.
4
Calculate the remainder when 143 is divided by 102.
41
What is the remainder when 280 is divided by 58?
48
What is the remainder when 2415 is divided by 795?
30
Calculate the remainder when 151 is divided by 33.
19
Calculate the remainder when 105 is divided by 31.
12
What is the remainder when 173 is divided by 26?
17
What is the remainder when 223 is divided by 32?
31
Calculate the remainder when 117 is divided by 24.
21
What is the remainder when 268 is divided by 51?
13
What is the remainder when 411 is divided by 209?
202
What is the remainder when 357 is divided by 10?
7
Calculate the remainder when 318 is divided by 74.
22
What is the remainder when 65 is divided by 6?
5
Calculate the remainder when 259 is divided by 259.
0
What is the remainder when 106 is divided by 31?
13
Calculate the remainder when 478 is divided by 99.
82
Calculate the remainder when 1028 is divided by 31.
5
Calculate the remainder when 1425 is divided by 11.
6
What is the remainder when 15 is divided by 5?
0
Calculate the remainder when 382 is divided by 35.
32
Calculate the remainder when 249 is divided by 47.
14
What is the remainder when 604 is divided by 121?
120
What is the remainder when 438 is divided by 152?
134
What is the remainder when 137 is divided by 42?
11
What is the remainder when 61 is divided by 15?
1
Calculate the remainder when 38 is divided by 12.
2
What is the remainder when 48 is divided by 31?
17
Calculate the remainder when 53 is divided by 28.
25
What is the remainder when 261 is divided by 178?
83
Calculate the remainder when 334 is divided by 102.
28
What is the remainder when 325 is divided by 14?
3
What is the remainder when 26 is divided by 7?
5
Calculate the remainder when 2282 is divided by 177.
158
What is the remainder when 195 is divided by 99?
96
What is the remainder when 637 is divided by 9?
7
Calculate the remainder when 268 is divided by 58.
36
What is the remainder when 271 is divided by 16?
15
What is the remainder when 452 is divided by 157?
138
What is the remainder when 213 is divided by 94?
25
What is the remainder when 2543 is divided by 369?
329
Calculate the remainder when 488 is divided by 19.
13
What is the remainder when 112 is divided by 58?
54
What is the remainder when 69 is divided by 26?
17
What is the remainder when 341 is divided by 117?
107
Calculate the remainder when 4026 is divided by 106.
104
Calculate the remainder when 5 is divided by 3.
2
What is the remainder when 1030 is divided by 343?
1
Calculate the remainder when 37 is divided by 31.
6
Calculate the remainder when 4175 is divided by 55.
50
What is the remainder when 390 is divided by 49?
47
What is the remainder when 388 is divided by 113?
49
Calculate the remainder when 85 is divided by 71.
14
Calculate the remainder when 483 is divided by 70.
63
Calculate the remainder when 104 is divided by 49.
6
Calculate the remainder when 814 is divided by 13.
8
What is the remainder when 176 is divided by 46?
38
Calculate the remainder when 150 is divided by 39.
33
What is the remainder when 524 is divided by 41?
32
Calculate the remainder when 1438 is divided by 244.
218
Calculate the remainder when 528 is divided by 8.
0
Calculate the remainder when 232 is divided by 122.
110
Calculate the remainder when 230 is divided by 18.
14
Calculate the remainder when 26 is divided by 8.
2
What is the remainder when 909 is divided by 76?
73
What is the remainder when 266 is divided by 27?
23
What is the remainder when 1034 is divided by 35?
19
What is the remainder when 1443 is divided by 53?
12
What is the remainder when 381 is divided by 84?
45
Calculate the remainder when 2643 is divided by 63.
60
Calculate the remainder when 189 is divided by 35.
14
What is the remainder when 305 is divided by 22?
19
What is the remainder when 7921 is divided by 34?
33
What is the remainder when 1039 is divided by 16?
15
What is the remainder when 113 is divided by 58?
55
Calculate the remainder when 174 is divided by 86.
2
Calculate the remainder when 249 is divided by 23.
19
What is the remainder when 483 is divided by 175?
133
Calculate the remainder when 895 is divided by 23.
21
What is the remainder when 368 is divided by 53?
50
What is the remainder when 8357 is divided by 88?
85
Calculate the remainder when 123 is divided by 60.
3
Calculate the remainder when 228 is divided by 33.
30
What is the remainder when 318 is divided by 32?
30
Calculate the remainder when 754 is divided by 34.
6
What is the remainder when 611 is divided by 51?
50
What is the remainder when 22469 is divided by 17?
12
What is the remainder when 571 is divided by 111?
16
Calculate the remainder when 4872 is divided by 812.
0
What is the remainder when 5374 is divided by 56?
54
What is the remainder when 698 is divided by 140?
138
Calculate the remainder when 1468 is divided by 92.
88
What is the remainder when 1240 is divided by 73?
72
Calculate the remainder when 101 is divided by 26.
23
What is the remainder when 1702 is divided by 106?
6
What is the remainder when 68 is divided by 35?
33
What is the remainder when 545 is divided by 26?
25
What is the remainder when 168 is divided by 76?
16
What is the remainder when 296 is divided by 240?
56
What is the remainder when 365 is divided by 54?
41
Calculate the remainder when 148 is divided by 25.
23
What is the remainder when 400 is divided by 38?
20
Calculate the remainder when 348 is divided by 56.
12
What is the remainder when 18 is divided by 9?
0
Calculate the remainder when 64 is divided by 11.
9
What is the remainder when 2488 is divided by 31?
8
What is the remainder when 412 is divided by 151?
110
Calculate the remainder when 1041 is divided by 23.
6
What is the remainder when 109 is divided by 22?
21
Calculate the remainder when 155 is divided by 12.
11
What is the remainder when 1158 is divided by 229?
13
What is the remainder when 6870 is divided by 29?
26
What is the remainder when 1384 is divided by 9?
7
What is the remainder when 708 is divided by 18?
6
What is the remainder when 2783 is divided by 12?
